{"id":1447,"date":"2021-04-09T12:11:16","date_gmt":"2021-04-09T12:11:16","guid":{"rendered":"https:\/\/kopija.upis.org.rs\/?post_type=lsvr_gallery&#038;p=1447"},"modified":"2021-04-09T12:49:45","modified_gmt":"2021-04-09T12:49:45","slug":"22-12-2011-podrska-borbi-protiv-ilegalnog-trzista","status":"publish","type":"lsvr_gallery","link":"https:\/\/upis.org.rs\/sr\/galleries\/22-12-2011-podrska-borbi-protiv-ilegalnog-trzista\/","title":{"rendered":"22.12.2011. PODR\u0160KA BORBI PROTIV ILEGALNOG TR\u017dI\u0160TA"},"content":{"rendered":"","protected":false},"excerpt":{"rendered":"","protected":false},"author":3,"featured_media":0,"template":"","meta":{"footnotes":""},"lsvr_gallery_cat":[58,59],"lsvr_gallery_tag":[],"class_list":["post-1447","lsvr_gallery","type-lsvr_gallery","status-publish","hentry","lsvr_gallery_cat-galerija","lsvr_gallery_cat-foto-galerija"],"_links":{"self":[{"href":"https:\/\/upis.org.rs\/sr\/wp-json\/wp\/v2\/lsvr_gallery\/1447","targetHints":{"allow":["GET"]}}],"collection":[{"href":"https:\/\/upis.org.rs\/sr\/wp-json\/wp\/v2\/lsvr_gallery"}],"about":[{"href":"https:\/\/upis.org.rs\/sr\/wp-json\/wp\/v2\/types\/lsvr_gallery"}],"author":[{"embeddable":true,"href":"https:\/\/upis.org.rs\/sr\/wp-json\/wp\/v2\/users\/3"}],"version-history":[{"count":0,"href":"https:\/\/upis.org.rs\/sr\/wp-json\/wp\/v2\/lsvr_gallery\/1447\/revisions"}],"wp:attachment":[{"href":"https:\/\/upis.org.rs\/sr\/wp-json\/wp\/v2\/media?parent=1447"}],"wp:term":[{"taxonomy":"lsvr_gallery_cat","embeddable":true,"href":"https:\/\/upis.org.rs\/sr\/wp-json\/wp\/v2\/lsvr_gallery_cat?post=1447"},{"taxonomy":"lsvr_gallery_tag","embeddable":true,"href":"https:\/\/upis.org.rs\/sr\/wp-json\/wp\/v2\/lsvr_gallery_tag?post=1447"}],"curies":[{"name":"wp","href":"https:\/\/api.w.org\/{rel}","templated":true}]}}

22.12.2011. PODRŠKA BORBI PROTIV ILEGALNOG TRŽIŠTA
